{"id":161,"date":"2024-06-22T22:53:57","date_gmt":"2024-06-22T20:53:57","guid":{"rendered":"https:\/\/localhost\/dilba-burnautzki\/?page_id=161"},"modified":"2024-07-06T18:51:45","modified_gmt":"2024-07-06T16:51:45","slug":"systemische-familienaufstellung","status":"publish","type":"page","link":"https:\/\/www.dilba-burnautzki.de\/?page_id=161","title":{"rendered":"Systemische Familienaufstellung"},"content":{"rendered":"\n<p>Obwohl der Mensch von Geburt an frei ist und die F\u00e4higkeiten mitbekommt, sich selbst zu verwirklichen, wie er es m\u00f6chte, ist er Teil eines Familiensystems (Vater, Mutter, Kind, Geschwister, Gro\u00dfeltern) und damit eines Beziehungszusammenhanges, aus dem er sich nicht einfach ausklinken kann. Aus der Vogelperspektive betrachtet besteht das Familiensystem aus verschiedenen Bindungen untereinander. Dabei stellt jeder ein Glied dieses Bindungssystems dar, das seine eigene Position hat und damit das ganze System stabilisiert. Aber jedes Familienmitglied hat auch Anteil an bestimmten Problemen der anderen Familienmitglieder, ob es ihm bewusst ist oder nicht. Hat ein Familienmitglied die ihm zustehende&nbsp; Aufmerksamkeit\/W\u00fcrdigung nicht erhalten, dann wirkt diese belastend auf das ganze Familiensystem. Nicht gew\u00fcrdigte Familienmitglieder k\u00f6nnen zum Beispiel Menschen sein, die fr\u00fch verstorben sind (durch Kindstod, Fehlgeburt, Abtreibung) und um die nicht getrauert wurde. Aber auch Mitglieder, die &#8222;nicht vorzeigbar waren&#8220;, wie Behinderte, S\u00fcchtige, Kranke, psychisch Kranke oder das &#8222;schwarze Schaf&#8220; der Familie bekommen manchmal zu wenig W\u00fcrdigung. Sie alle haben eine gro\u00dfe Last in der Familie getragen und haben keine Wertsch\u00e4tzung daf\u00fcr erhalten.<\/p>\n\n\n\n<p>Alle schicksalhaften Ereignisse, die das Bindungssystem in der Familie betreffen, m\u00fcssen im &#8222;richtigen Licht&#8220; gesehen werden, das hei\u00dft, die Schwere des Schicksals muss bewusst wahrgenommen werden und die W\u00fcrdigung muss gef\u00fchlt werden.<\/p>\n\n\n\n<p>Unbewusste famili\u00e4re Verstrickungen erzeugen unbewusste Schuldgef\u00fchle. Die Familienaufstellung l\u00f6st diese unbewussten Schuldgef\u00fchle. Liegt tats\u00e4chlich ein Vergehen oder Schuld vor, dann muss sie als solche wahrgenommen, benannt und erkannt werden. Jedes einzelne Familienmitglied kann das f\u00fcr seine Familie leisten. Ph\u00e4nomenal ist, dass die Familienaufstellung sich wohltuend auch auf die anderen Familienmitglieder niederschl\u00e4gt, auch wenn sie von der Aufstellung nichts wissen. &nbsp;<\/p>\n\n\n\n<p>Die systemische Familienaufstellung ist sehr hilfreich bei&nbsp; Partnerschaftsproblemen. Durch sie wird der therapeutische Prozess effektiv und das leidvolle Ertragen wird aufgel\u00f6st.<\/p>\n\n\n\n<p><strong>Aber sie ist auch hilfreich:<\/strong><\/p>\n\n\n\n<ul class=\"wp-block-list\">\n<li>wenn wichtige Entscheidungen zu treffen sind<\/li>\n\n\n\n<li>wenn W\u00fcnsch unerf\u00fcllt bleiben\n<ul class=\"wp-block-list\">\n<li>Kinderwunsch<\/li>\n\n\n\n<li>Partnerschaft<\/li>\n\n\n\n<li>Karriere<\/li>\n<\/ul>\n<\/li>\n\n\n\n<li>Chronische Erkrankungen<\/li>\n\n\n\n<li>Psychischen Erkrankungen<\/li>\n\n\n\n<li>S\u00fcchte in der Familie<\/li>\n\n\n\n<li>Kindestod<\/li>\n\n\n\n<li>Verarbeitung von Trennung und Tod<\/li>\n\n\n\n<li>Wiederholung von belastenden Erfahrungen<\/li>\n<\/ul>\n\n\n\n<p>Die systemische Familienaufstellung kann auch gut auf Probleme in Betrieben und Teams angewendet werden.<\/p>\n\n\n\n<p><strong>Ablauf einer Familienaufstellung<\/strong><\/p>\n\n\n\n<p>Zun\u00e4chst artikuliert der Aufstellende sein Anliegen, f\u00fcr das er Kl\u00e4rung sucht. Dann w\u00e4hlt er Stellvertreter aus der Gruppe aus, die f\u00fcr jeden einzelnen seiner Familienangeh\u00f6rigen stehen sollen. Nachdem die Stellvertreter f\u00fcr die Familienangeh\u00f6rigen ausgew\u00e4hlt worden sind, werden sie intuitiv vom &#8222;Aufsteller&#8220; r\u00e4umlich einander zugeordnet. Die Stellvertreter f\u00fchlen sich in ihre Position hinein und teilen mit, wie sie sich in dieser Position f\u00fchlen. Aus dem &#8222;In-Beziehung-zueinander-Stehen&#8220; wird in der Regel schon offenbar, wo St\u00f6rungen vorliegen. Dann folgt der Ablauf des Ordnens durch den Leiter, der sich durch Nachfrage an dem Befinden der Stellvertreter orientiert. Diese teilen ihre Gef\u00fchle mit. Es werden verschiedene L\u00f6sungen aufgestellt. Diese L\u00f6sungen m\u00fcssen sich gut anf\u00fchlen, wenn sie es nicht tun, dann muss nach weiteren L\u00f6sungen gesucht werden bis diese sich gut anf\u00fchlen. Das ist der Prozess der Aufl\u00f6sung und des neuen Aufstellens des Familiensystems. Zus\u00e4tzlich werden oft S\u00e4tze nachgesprochen, die auf das Familiensystem erleichternd wirken.<br>Die Familienaufstellung bildet das Unbewusste eines Familiensystems ab, \u00e4hnlich den Tr\u00e4umen, die das pers\u00f6nliche Unbewusste des Tr\u00e4umers wiedergeben.<\/p>\n\n\n\n<p><strong>Aktuelle Termine findest du <a href=\"http:\/\/www.dilba-burnautzki.de\/angebote\/familienaufstellung\">hier<\/a><\/strong><\/p>\n\n\n\n<p><strong>Anmeldung\/Kontakt: <\/strong>\u00a0<br><a href=\"mailto:irma@dilba-burnatzki.de?subject=Familienaufstellung\">irma@dilba-burnautzki.de<\/a> <br>T: 030 \/ 853 81 33<\/p>\n","protected":false},"excerpt":{"rendered":"<p>Obwohl der Mensch von Geburt an frei ist und die F\u00e4higkeiten mitbekommt, sich selbst zu verwirklichen, wie er es m\u00f6chte, ist er Teil eines Familiensystems (Vater, Mutter, Kind, Geschwister, Gro\u00dfeltern) und damit eines Beziehungszusammenhanges, aus dem er sich nicht einfach ausklinken kann. Aus der Vogelperspektive betrachtet besteht das Familiensystem aus verschiedenen Bindungen untereinander. Dabei stellt &hellip; <\/p>\n<p class=\"link-more\"><a href=\"https:\/\/www.dilba-burnautzki.de\/?page_id=161\" class=\"more-link\"><span class=\"screen-reader-text\">\u201eSystemische Familienaufstellung\u201c<\/span> weiterlesen<\/a><\/p>\n","protected":false},"author":2,"featured_media":0,"parent":0,"menu_order":0,"comment_status":"closed","ping_status":"closed","template":"","meta":{"footnotes":""},"class_list":["post-161","page","type-page","status-publish","hentry"],"_links":{"self":[{"href":"https:\/\/www.dilba-burnautzki.de\/index.php?rest_route=\/wp\/v2\/pages\/161","targetHints":{"allow":["GET"]}}],"collection":[{"href":"https:\/\/www.dilba-burnautzki.de\/index.php?rest_route=\/wp\/v2\/pages"}],"about":[{"href":"https:\/\/www.dilba-burnautzki.de\/index.php?rest_route=\/wp\/v2\/types\/page"}],"author":[{"embeddable":true,"href":"https:\/\/www.dilba-burnautzki.de\/index.php?rest_route=\/wp\/v2\/users\/2"}],"replies":[{"embeddable":true,"href":"https:\/\/www.dilba-burnautzki.de\/index.php?rest_route=%2Fwp%2Fv2%2Fcomments&post=161"}],"version-history":[{"count":1,"href":"https:\/\/www.dilba-burnautzki.de\/index.php?rest_route=\/wp\/v2\/pages\/161\/revisions"}],"predecessor-version":[{"id":162,"href":"https:\/\/www.dilba-burnautzki.de\/index.php?rest_route=\/wp\/v2\/pages\/161\/revisions\/162"}],"wp:attachment":[{"href":"https:\/\/www.dilba-burnautzki.de\/index.php?rest_route=%2Fwp%2Fv2%2Fmedia&parent=161"}],"curies":[{"name":"wp","href":"https:\/\/api.w.org\/{rel}","templated":true}]}}