{"id":151,"date":"2024-06-18T02:51:58","date_gmt":"2024-06-18T00:51:58","guid":{"rendered":"https:\/\/localhost\/dilba-burnautzki\/?page_id=151"},"modified":"2025-12-17T20:09:18","modified_gmt":"2025-12-17T19:09:18","slug":"familienaufstellung","status":"publish","type":"page","link":"https:\/\/www.dilba-burnautzki.de\/?page_id=151","title":{"rendered":"Familienaufstellung"},"content":{"rendered":"\n<p>Viele unserer Probleme haben ihre Ursache in unserer Herkunftsfamilie. Dieser Blick darauf ist uns aber oft verbaut. Dabei sind diese Familienverstrickungen eine Verschw\u00f6rung gegen uns selbst: denn sie erzeugen unbewusste Schuldgef\u00fchle, die uns von unseren wahren Bed\u00fcrfnissen abhalten.<\/p>\n\n\n\n<p>Welche Position haben wir in unserer Herkunftsfamilie? Wie beeinflusst diese Stellung unser Leben heute? Welche unbewussten Konflikte tragen wir seit unserer Kindheit mit uns herum? Wie verhindern diese Konflikte ein gl\u00fcckliches Leben?<\/p>\n\n\n\n<p>Durch die systemische Familienaufstellung k\u00f6nnen wir unsere famili\u00e4ren Verstrickungen aufdecken &#8211; und damit zu ganz neuen Erfahrungen finden. Wir erkennen pl\u00f6tzlich, warum wir uns st\u00e4ndig so und nicht anders verhalten. Wir f\u00fchlen die F\u00e4higkeit, unser Verhalten grundlegend zu verbessern. Pl\u00f6tzlich erkennen wir, was wir bisher vielleicht nur diffus sp\u00fcrten. Und wir erkennen schlagartig, &#8222;wo es lang geht&#8220;.<\/p>\n\n\n\n<p>F\u00fcr weitere Informationen siehe auch unter &#8222;<strong><a href=\"https:\/\/www.dilba-burnautzki.de\/?page_id=65\" data-type=\"page\" data-id=\"65\"><mark style=\"background-color:rgba(0, 0, 0, 0)\" class=\"has-inline-color has-vivid-cyan-blue-color\">Methoden<\/mark><\/a><\/strong>&#8222;.<\/p>\n\n\n\n<p><strong>Termin:<\/strong> <br><strong>Ort:<\/strong> bei Fab e.V. &#8211; (Familie, Arbeit und Beratung).<br>Crellestr. 19, 10827 Berlin-Sch\u00f6neberg<\/p>\n\n\n\n<p><strong>Kosten<\/strong>:&nbsp; F\u00fcr Fr\u00fchanmelder 3 Tage&nbsp; vor dem Termin,&nbsp; 120,00 \u20ac, die aufstellen wollen \/ 30,00 \u20ac, die dabei sein wollen . Danach 140,00 \u20ac und 40,00 \u20ac !<\/p>\n\n\n\n<p>Die Familienaufstellungen an der Vhs sind so fr\u00fch ausgebucht, darum biete ich einen zus\u00e4tzlichen Termin ohne Vhs an.<\/p>\n\n\n\n<p><strong>Anmeldung\/Kontakt<\/strong>: <br>irma@dilba-burnautzki.de<\/p>\n\n\n\n<p><strong>Systemische Familienaufstellung<\/strong> Berlin-Sch\u00f6neberg<br>Ort: FAB Urban e.V.&nbsp; (Familie, Arbeit und Beratung).<\/p>\n\n\n\n<p>Kosten: 120,00 \u20ac, f\u00fcr Teilnehmer\/innen, die aufstellen wollen, 30,00 \u20ac f\u00fcr Teilnehmer\/innen nicht aufstellen wollen.<\/p>\n\n\n\n<p><strong>Ort:<\/strong> <strong>vhs-Spandau,<\/strong> Haus der Volkshochschule, Carl-Schurz-Str. 17,<\/p>\n\n\n\n<hr class=\"wp-block-separator has-alpha-channel-opacity is-style-wide\"\/>\n\n\n\n<p><strong>Termin<\/strong>: <\/p>\n\n\n\n<p>17.01. &#8211; 18.01.2026 &#8211; <a href=\"https:\/\/www.vhsit.berlin.de\/VHSKURSE\/BusinessPages\/CourseDetail.aspx?id=779778\" target=\"_blank\" rel=\"noreferrer noopener\"><strong><mark style=\"background-color:rgba(0, 0, 0, 0)\" class=\"has-inline-color has-vivid-cyan-blue-color\">Familienaufstellung<\/mark><\/strong><\/a> &#8211; VHS-Kurs &#8211; Sp1.221-W<\/p>\n\n\n\n<p>21.02. &#8211; 22.02.2026 &#8211; <a href=\"https:\/\/www.vhsit.berlin.de\/VHSKURSE\/BusinessPages\/CourseDetail.aspx?id=779779\" target=\"_blank\" rel=\"noreferrer noopener\"><strong><mark style=\"background-color:rgba(0, 0, 0, 0)\" class=\"has-inline-color has-vivid-cyan-blue-color\">Familienaufstellung<\/mark><\/strong><\/a> &#8211; VHS-Kurs &#8211; Sp1.222-W<\/p>\n\n\n\n<p>21.03. &#8211; 22.03.2026 &#8211; <a href=\"https:\/\/www.vhsit.berlin.de\/VHSKURSE\/BusinessPages\/CourseDetail.aspx?id=779780\" target=\"_blank\" rel=\"noreferrer noopener\"><strong><mark style=\"background-color:rgba(0, 0, 0, 0)\" class=\"has-inline-color has-vivid-cyan-blue-color\">Familienaufstellung<\/mark><\/strong><\/a> &#8211; VHS-Kurs &#8211; Sp1.223-W<\/p>\n\n\n\n<p>25.04. &#8211; 26.04.2026 &#8211; <a href=\"https:\/\/www.vhsit.berlin.de\/VHSKURSE\/BusinessPages\/CourseDetail.aspx?id=779781\" target=\"_blank\" rel=\"noreferrer noopener\"><strong><mark style=\"background-color:rgba(0, 0, 0, 0)\" class=\"has-inline-color has-vivid-cyan-blue-color\">Familienaufstellung<\/mark><\/strong><\/a> &#8211; VHS-Kurs &#8211; Sp1.224-F<\/p>\n\n\n\n<p>30.05. &#8211; 31.05.2026 &#8211; <a href=\"https:\/\/www.vhsit.berlin.de\/VHSKURSE\/BusinessPages\/CourseDetail.aspx?id=779782\" target=\"_blank\" rel=\"noreferrer noopener\"><strong><mark style=\"background-color:rgba(0, 0, 0, 0)\" class=\"has-inline-color has-vivid-cyan-blue-color\">Familienaufstellung<\/mark><\/strong><\/a> &#8211; VHS-Kurs &#8211; Sp1.225-F<\/p>\n\n\n\n<p>T\u00e4glich von 10:00 &#8211; 16:00 Uhr.<br><strong>Kosten:<\/strong> 43,20 \u20ac, erm\u00e4\u00dfigt 23,60 \u20ac<\/p>\n\n\n\n<p><strong>Anmeldung\/Kontakt: <\/strong><br><a href=\"https:\/\/www.vhsit.berlin.de\/VHSKURSE\/BusinessPages\/CourseSearch.aspx\" target=\"_blank\" rel=\"noreferrer noopener\">Online-Anmeldung<\/a> \u00fcber die Volkshochschule, <br><a href=\"http:\/\/www.vhs-spandau.de\" target=\"_blank\" rel=\"noreferrer noopener\">www.vhs-spandau.de<\/a><br>info@vhs-spandau.de<br>T: 030 &#8211; 90279-5000<\/p>\n","protected":false},"excerpt":{"rendered":"<p>Viele unserer Probleme haben ihre Ursache in unserer Herkunftsfamilie. Dieser Blick darauf ist uns aber oft verbaut. Dabei sind diese Familienverstrickungen eine Verschw\u00f6rung gegen uns selbst: denn sie erzeugen unbewusste Schuldgef\u00fchle, die uns von unseren wahren Bed\u00fcrfnissen abhalten. Welche Position haben wir in unserer Herkunftsfamilie? Wie beeinflusst diese Stellung unser Leben heute? Welche unbewussten Konflikte &hellip; <\/p>\n<p class=\"link-more\"><a href=\"https:\/\/www.dilba-burnautzki.de\/?page_id=151\" class=\"more-link\"><span class=\"screen-reader-text\">\u201eFamilienaufstellung\u201c<\/span> weiterlesen<\/a><\/p>\n","protected":false},"author":2,"featured_media":0,"parent":0,"menu_order":0,"comment_status":"closed","ping_status":"closed","template":"","meta":{"footnotes":""},"class_list":["post-151","page","type-page","status-publish","hentry"],"_links":{"self":[{"href":"https:\/\/www.dilba-burnautzki.de\/index.php?rest_route=\/wp\/v2\/pages\/151","targetHints":{"allow":["GET"]}}],"collection":[{"href":"https:\/\/www.dilba-burnautzki.de\/index.php?rest_route=\/wp\/v2\/pages"}],"about":[{"href":"https:\/\/www.dilba-burnautzki.de\/index.php?rest_route=\/wp\/v2\/types\/page"}],"author":[{"embeddable":true,"href":"https:\/\/www.dilba-burnautzki.de\/index.php?rest_route=\/wp\/v2\/users\/2"}],"replies":[{"embeddable":true,"href":"https:\/\/www.dilba-burnautzki.de\/index.php?rest_route=%2Fwp%2Fv2%2Fcomments&post=151"}],"version-history":[{"count":16,"href":"https:\/\/www.dilba-burnautzki.de\/index.php?rest_route=\/wp\/v2\/pages\/151\/revisions"}],"predecessor-version":[{"id":401,"href":"https:\/\/www.dilba-burnautzki.de\/index.php?rest_route=\/wp\/v2\/pages\/151\/revisions\/401"}],"wp:attachment":[{"href":"https:\/\/www.dilba-burnautzki.de\/index.php?rest_route=%2Fwp%2Fv2%2Fmedia&parent=151"}],"curies":[{"name":"wp","href":"https:\/\/api.w.org\/{rel}","templated":true}]}}